{"id":345,"date":"2016-10-21T14:49:49","date_gmt":"2016-10-21T12:49:49","guid":{"rendered":"http:\/\/www.innovsols.fr\/?page_id=345"},"modified":"2016-10-21T15:26:06","modified_gmt":"2016-10-21T13:26:06","slug":"mentions-legales","status":"publish","type":"page","link":"https:\/\/www.innovsols.fr\/index.php\/mentions-legales\/","title":{"rendered":"Mentions l\u00e9gales"},"content":{"rendered":"<div class=\"fusion-fullwidth fullwidth-box fusion-builder-row-1 nonhundred-percent-fullwidth non-hundred-percent-height-scrolling\" style=\"background-color: rgba(255,255,255,0);background-position: center center;background-repeat: no-repeat;padding-top:20px;padding-right:0px;padding-bottom:20px;padding-left:0px;margin-bottom: 0px;margin-top: 0px;border-width: 0px 0px 0px 0px;border-color:#eae9e9;border-style:solid;\" ><div class=\"fusion-builder-row fusion-row\"><div class=\"fusion-layout-column fusion_builder_column fusion-builder-column-0 fusion_builder_column_1_1 1_1 fusion-one-full fusion-column-first fusion-column-last\" style=\"margin-top:0px;margin-bottom:20px;\"><div class=\"fusion-column-wrapper fusion-flex-column-wrapper-legacy\" style=\"background-position:left top;background-repeat:no-repeat;-webkit-background-size:cover;-moz-background-size:cover;-o-background-size:cover;background-size:cover;padding: 0px 0px 0px 0px;\"><div class=\"fusion-text fusion-text-1\" style=\"transform:translate3d(0,0,0);\"><p style=\"text-align: justify;\"><strong>Responsable de la Publication : Lu<\/strong>dovic Polsinelli<\/p>\n<p style=\"text-align: justify;\"><strong>Wendesign et r\u00e9alisation du\u00a0site : <a href=\"http:\/\/www.agence-planete.fr\" target=\"_blank\">agence Plan\u00e8te<\/a><\/strong><\/p>\n<p style=\"text-align: justify;\"><strong>H\u00e9bergement :<\/strong> OVH : SAS au capital de 500 k\u20ac RCS Roubaix \u2013 Tourcoing 424 761 419 00011 \u2013 Code APE 721Z \u2013 N\u00b0 TVA : FR 22-424-761-419-00011 Si\u00e8ge social : 140 Quai du Sartel \u2013 59100 Roubaix \u2013 France<\/p>\n<p style=\"text-align: justify;\">Le site <strong>www.innovsols.fr<\/strong> est un site publi\u00e9 par la soci\u00e9t\u00e9 <strong>INNOV\u2019SOLS<\/strong>, dont le si\u00e8ge social est situ\u00e9 728 La Tuili\u00e8re, 69510 THURINS.<\/p>\n<p style=\"text-align: justify;\">Ce site a \u00e9t\u00e9 cr\u00e9\u00e9 uniquement pour permettre une meilleure information sur les diff\u00e9rents b\u00e9tons d\u00e9coratifs propos\u00e9s par la soci\u00e9t\u00e9 <strong>INNOV\u2019SOLS<\/strong>. Aucune exploitation commerciale ou non, et ce m\u00eame partielle, des informations contenues dans ce site, ne pourra \u00eatre tol\u00e9r\u00e9e sans l\u2019accord pr\u00e9alable et \u00e9crit de la soci\u00e9t\u00e9<strong> INNOV\u2019SOLS.<\/strong> La totalit\u00e9 de ce site est une oeuvre prot\u00e9g\u00e9e par les lois en vigueur sur la propri\u00e9t\u00e9 individuelle et aucune reproduction ou repr\u00e9sentation visuelle ou r\u00e9dactionnelle, m\u00eame partielle, ne pourra \u00eatre faite sans l\u2019accord \u00e9crit de la soci\u00e9t\u00e9<strong> INNOV\u2019SOLS<\/strong> en adressant votre demande par courrier.<\/p>\n<p style=\"text-align: justify;\">Bien que la soci\u00e9t\u00e9 <strong>INNOV\u2019SOLS<\/strong> se soit employ\u00e9e \u00e0 proposer un site le plus juste possible, sa responsabilit\u00e9 ne pourrait en aucun cas \u00eatre engag\u00e9e en cas d\u2019erreurs involontaires. La soci\u00e9t\u00e9 <strong>INNOV\u2019SOLS<\/strong> d\u00e9cline de ce fait toute responsabilit\u00e9 li\u00e9e aux informations contenues dans ce site, et des liens propos\u00e9s.<\/p>\n<p style=\"text-align: justify;\">Pour m\u00e9moire et conform\u00e9ment \u00e0 la loi \u00ab Informatique et libert\u00e9s \u00bb du 06 janvier 1978, la soci\u00e9t\u00e9 <strong>INNOV\u2019SOLS<\/strong> vous rappelle que toutes les donn\u00e9es personnelles recueillies sur ce site font l\u2019objet d\u2019un traitement informatis\u00e9. Quels que soient les syst\u00e8mes de collectes des donn\u00e9es utilis\u00e9s, vous disposez d\u2019un droit d\u2019acc\u00e8s, de rectification et de suppression des informations vous concernant. (Article 34 de la loi \u00ab Informatique et libert\u00e9s \u00bb). Vous avez la possibilit\u00e9 d\u2019exercer ce droit plein et entier, en adressant votre demande par courrier.<\/p>\n<p style=\"text-align: justify;\">L\u2019utilisation du nom <strong>INNOV\u2019SOLS<\/strong> en tant que nom de domaine est totalement illicite.<\/p>\n<p style=\"text-align: justify;\">Tout lien hypertexte renvoyant vers notre site fera pr\u00e9alablement l\u2019objet d\u2019une demande d\u2019autorisation sp\u00e9ciale qui ne pourra s\u2019obtenir qu\u2019au pr\u00e9alable et en nous contactant exclusivement sur contact {@} innovsols.fr.<\/p>\n<p style=\"text-align: justify;\">Le site de la soci\u00e9t\u00e9 <strong>INNOV\u2019SOLS<\/strong> est h\u00e9berg\u00e9 chez OVH. La soci\u00e9t\u00e9 <strong>INNOV\u2019SOLS<\/strong> ou l\u2019agence Plan\u00e8te sauraient en aucun cas \u00eatre responsables de probl\u00e8mes techniques li\u00e9s \u00e0 cet h\u00e9bergement et d\u00e9clinent toute responsabilit\u00e9 en cas de piratage et dysfonctionnement de ce dernier.<\/p>\n<\/div><div class=\"fusion-clearfix\"><\/div><\/div><\/div><\/div><\/div>\n","protected":false},"excerpt":{"rendered":"","protected":false},"author":4,"featured_media":0,"parent":0,"menu_order":0,"comment_status":"closed","ping_status":"closed","template":"","meta":[],"yoast_head":"<!-- This site is optimized with the Yoast SEO plugin v15.7 - https:\/\/yoast.com\/wordpress\/plugins\/seo\/ -->\n<title>Mentions l\u00e9gales - INNOVSOLS<\/title>\n<meta name=\"robots\" content=\"index, follow, max-snippet:-1, max-image-preview:large, max-video-preview:-1\" \/>\n<link rel=\"canonical\" href=\"https:\/\/www.innovsols.fr\/index.php\/mentions-legales\/\" \/>\n<meta property=\"og:locale\" content=\"fr_FR\" \/>\n<meta property=\"og:type\" content=\"article\" \/>\n<meta property=\"og:title\" content=\"Mentions l\u00e9gales - INNOVSOLS\" \/>\n<meta property=\"og:url\" content=\"https:\/\/www.innovsols.fr\/index.php\/mentions-legales\/\" \/>\n<meta property=\"og:site_name\" content=\"INNOVSOLS\" \/>\n<meta property=\"article:modified_time\" content=\"2016-10-21T13:26:06+00:00\" \/>\n<meta name=\"twitter:card\" content=\"summary\" \/>\n<meta name=\"twitter:label1\" content=\"Dur\u00e9e de lecture est.\">\n\t<meta name=\"twitter:data1\" content=\"3 minutes\">\n<script type=\"application\/ld+json\" class=\"yoast-schema-graph\">{\"@context\":\"https:\/\/schema.org\",\"@graph\":[{\"@type\":\"WebSite\",\"@id\":\"https:\/\/www.innovsols.fr\/#website\",\"url\":\"https:\/\/www.innovsols.fr\/\",\"name\":\"INNOVSOLS\",\"description\":\"L\\u2019ART DU B\\u00c9TON D\\u00c9CORATIF EXT\\u00c9RIEUR\",\"potentialAction\":[{\"@type\":\"SearchAction\",\"target\":\"https:\/\/www.innovsols.fr\/?s={search_term_string}\",\"query-input\":\"required name=search_term_string\"}],\"inLanguage\":\"fr-FR\"},{\"@type\":\"WebPage\",\"@id\":\"https:\/\/www.innovsols.fr\/index.php\/mentions-legales\/#webpage\",\"url\":\"https:\/\/www.innovsols.fr\/index.php\/mentions-legales\/\",\"name\":\"Mentions l\\u00e9gales - INNOVSOLS\",\"isPartOf\":{\"@id\":\"https:\/\/www.innovsols.fr\/#website\"},\"datePublished\":\"2016-10-21T12:49:49+00:00\",\"dateModified\":\"2016-10-21T13:26:06+00:00\",\"inLanguage\":\"fr-FR\",\"potentialAction\":[{\"@type\":\"ReadAction\",\"target\":[\"https:\/\/www.innovsols.fr\/index.php\/mentions-legales\/\"]}]}]}<\/script>\n<!-- \/ Yoast SEO plugin. -->","_links":{"self":[{"href":"https:\/\/www.innovsols.fr\/index.php\/wp-json\/wp\/v2\/pages\/345"}],"collection":[{"href":"https:\/\/www.innovsols.fr\/index.php\/wp-json\/wp\/v2\/pages"}],"about":[{"href":"https:\/\/www.innovsols.fr\/index.php\/wp-json\/wp\/v2\/types\/page"}],"author":[{"embeddable":true,"href":"https:\/\/www.innovsols.fr\/index.php\/wp-json\/wp\/v2\/users\/4"}],"replies":[{"embeddable":true,"href":"https:\/\/www.innovsols.fr\/index.php\/wp-json\/wp\/v2\/comments?post=345"}],"version-history":[{"count":4,"href":"https:\/\/www.innovsols.fr\/index.php\/wp-json\/wp\/v2\/pages\/345\/revisions"}],"predecessor-version":[{"id":363,"href":"https:\/\/www.innovsols.fr\/index.php\/wp-json\/wp\/v2\/pages\/345\/revisions\/363"}],"wp:attachment":[{"href":"https:\/\/www.innovsols.fr\/index.php\/wp-json\/wp\/v2\/media?parent=345"}],"curies":[{"name":"wp","href":"https:\/\/api.w.org\/{rel}","templated":true}]}}